What is r(-4)?
-216
Let x(l) = 2*l**2 + 9152*l - 54979. Give x(6).
5
Let j(c) = -666*c - 219124. Determine j(-329).
-10
Let p(l) = -21470*l + 3800193. What is p(177)?
3
Let o(d) = d**3 + 252*d**2 - 501*d - 12. Give o(2).
2
Let p(c) = -c**3 - 23*c**2 - 70*c + 228. What is p(-7)?
-66
Let t(i) = i**3 - 198*i**2 - 615*i + 2456. Determine t(201).
44
Let q(i) = 489*i + 5663. Give q(-11).
284
Let o(r) = -r**2 - 732*r - 35985. Determine o(-53).
2
Let v(t) = t**3 - 23*t**2 + 1458*t - 28012. Calculate v(20).
-52
Let u(o) = 881*o + 4391. Give u(-5).
-14
Let d(k) = -23540*k + 118364. Determine d(5).
664
Let y(s) = 4*s**3 + 13*s**2 - 66*s + 68. What is y(1)?
19
Let j(c) = -c - 168. Determine j(96).
-264
Let y(m) = 14058*m + 1433911. Determine y(-102).
-5
Let o(p) = -2*p**2 - 4215*p + 643638. What is o(143)?
-5
Let n(f) = 24902*f - 224120. What is n(9)?
-2
Let r(h) = 11*h**3 - 3*h**2 - 53*h - 10. Give r(0).
-10
Let h(d) = -10*d**2 - 1151*d - 3321. Calculate h(-3).
42
Let b(m) = 87298*m - 349204. What is b(4)?
-12
Let h(w) = 6*w**2 - 634*w - 15669. Calculate h(-24).
3003
Let c(n) = -535*n + 5246. What is c(8)?
966
Let v(h) = h**2 + 1359*h + 210223. Calculate v(-178).
5
Let s(n) = 25*n**2 - 10*n - 914. Calculate s(8).
606
Let g(q) = q**2 + 4102*q - 437430. What is g(104)?
-6
Let v(a) = -1576*a + 1533458. Give v(973).
10
Let l(x) = 58*x**2 - 1559*x - 54. Calculate l(27).
135
Let l(q) = -7548350*q - 150966997. Give l(-20).
3
Let d(b) = 413175*b + 1239509. Give d(-3).
-16
Let f(o) = -21*o**2 - 299*o - 9. What is f(-6)?
1029
Let d(x) = 7556*x - 52578. Calculate d(7).
314
Let w(m) = m**3 - 28*m**2 - 1449*m + 42309. What is w(34)?
-21
Let t(u) = -4493*u - 17958. Determine t(-4).
14
Let f(j) = -449*j - 13530. Calculate f(-30).
-60
Let d(q) = 421*q + 12378. Calculate d(-31).
-673
Let f(x) = -237783*x + 5944585. What is f(25)?
10
Let n(m) = -7*m**3 - 88*m**2 + 50*m + 147. Determine n(-13).
4
Let z(u) = -2*u**3 + 42*u**2 - 231*u + 490. Determine z(13).
191
Let x(b) = 5*b**2 + 212*b + 1674. Calculate x(-33).
123
Let d(a) = -117*a**2 - 1521*a - 52. Determine d(-13).
-52
Let k(d) = -123928*d - 12640658. Give k(-102).
-2
Let u(k) = 1881*k - 45100. Determine u(25).
1925
Let b(l) = -91*l**2 - 8028*l - 30691. Calculate b(-4).
-35
Let m(b) = 4025*b - 6210585. Determine m(1543).
-10
Let k(n) = n**2 + 81543*n + 1059908. What is k(-13)?
18
Let h(r) = r**2 + 291*r + 9997. What is h(-49)?
-1861
Let p(i) = 64498*i - 64501. Determine p(1).
-3
Let s(f) = -9*f**2 + 34*f + 731. What is s(-14)?
-1509
Let g(c) = -27619*c**2 - 10384748*c - 1507. What is g(-376)?
-3
Let g(c) = c**2 + 103*c + 2321. Determine g(-38).
-149
Let p(v) = -v**2 + 114*v - 1537. Calculate p(98).
31
Let g(p) = -1947*p + 9787. Determine g(5).
52
Let f(d) = -2697*d + 304753. Give f(113).
-8
Let v(x) = 4*x**2 - 3370*x - 37223. Determine v(-11).
331
Let r(v) = v**3 + 514*v**2 - 3160*v + 9. Give r(6).
-231
Let r(c) = c**2 + 862*c + 139095. Calculate r(-215).
-10
Let v(y) = 223*y - 4742. Calculate v(20).
-282
Let f(a) = 2*a**3 + 277*a**2 - 29*a - 22483. Calculate f(-138).
563
Let d(h) = -2998*h + 30053. What is d(10)?
73
Let a(p) = p**2 - 171290*p + 856414. Calculate a(5).
-11
Let y(m) = -m**2 + 78*m + 19790. Determine y(185).
-5
Let o(l) = -l**3 + 379*l**2 - 10546*l + 2284. Calculate o(30).
4
Let t(l) = -68103*l + 42360072. Calculate t(622).
6
Let o(h) = 7*h**3 - 1672*h**2 - 954*h + 170885. What is o(239)?
0
Let u(h) = -1029*h - 40118. Calculate u(-39).
13
Let n(c) = -497*c - 46222. Calculate n(-93).
-1
Let b(m) = -12891*m - 141784. What is b(-11)?
17
Let n(p) = -43*p**2 + 392*p + 18. Determine n(10).
-362
Let n(g) = 3635*g + 7343. Determine n(-2).
73
Let a(r) = r**2 + 11093*r - 1538512. Give a(137).
-2
Let w(j) = 2*j**2 - 1097*j + 15956. What is w(15)?
-49
Let a(d) = -29*d**2 + 244*d - 452. Calculate a(3).
19
Let b(m) = -8170*m + 33362. Determine b(4).
682
Let o(m) = -439*m**2 + 151018*m - 688. Calculate o(344).
0
Let s(o) = o**3 + 169*o**2 - 1386*o - 259. Give s(8).
-19
Let t(k) = -70626*k - 1129997. Give t(-16).
19
Let u(a) = -533*a - 33062. Determine u(-62).
-16
Let n(f) = -15041*f + 5745655. Give n(382).
-7
Let f(q) = 223*q**2 - 2702*q - 34. Determine f(12).
-346
Let i(o) = 5*o**3 + 153*o**2 + 115*o + 766. Determine i(-30).
16
Let o(a) = a**3 + 36*a**2 + 178*a + 4163. Calculate o(-34).
423
Let g(l) = -324108*l - 972339. Give g(-3).
-15
Let a(v) = -4*v**3 + 48*v**2 + 51*v - 288. What is a(13)?
-301
Let k(i) = -27*i**2 + 1785*i - 7167. What is k(4)?
-459
Let u(y) = 35873*y - 322926. Determine u(9).
-69
Let n(h) = -340*h - 26150. Determine n(-77).
30
Let r(o) = -20*o**2 - 39*o + 2090. Determine r(-12).
-322
Let x(k) = -k**2 + 557*k + 3915. Determine x(-7).
-33
Let p(t) = 11*t**3 + 3*t**2 - 40*t - 181. Give p(-3).
-331
Let u(z) = -5*z**2 - 478*z + 7638. Determine u(14).
-34
Let l(t) = -87*t**2 - 699*t - 18. Give l(-8).
6
Let l(y) = 5762*y - 5352902. Determine l(929).
-4
Let t(r) = 88690*r - 709525. Give t(8).
-5
Let n(m) = m**2 - 139*m - 265056. Determine n(-450).
-6
Let f(h) = 11822*h - 23407. What is f(2)?
237
Let b(p) = 17*p**2 + 12048*p - 1. Determine b(0).
-1
Let d(n) = 1243*n - 20454. What is d(16)?
-566
Let r(u) = 2*u**2 + 102*u + 856. Determine r(-18).
-332
Let x(w) = 49*w**2 + 712*w - 6662. Calculate x(-21).
-5
Let g(d) = 3*d**3 - 46*d**2 + 85*d - 1305. Give g(14).
-899
Let j(m) = -953214*m - 6672485. Give j(-7).
13
Let d(r) = r**3 + 7848*r**2 - 331380*r + 7. Determine d(42).
7
Let t(o) = -36*o**2 + 1034*o - 669. Give t(28).
59
Let x(t) = -840*t - 13119. Give x(-16).
321
Let h(p) = 3*p**3 - 123*p**2 - 256*p - 366. What is h(43)?
-280
Let x(c) = -2*c**2 + 110930*c + 665660. Calculate x(-6).
8
Let r(v) = -v**3 + 19*v**2 + 13*v - 568. Calculate r(18).
-10
Let r(h) = 23*h**2 + 3095*h + 7764. Determine r(-132).
-24
Let b(v) = -v**2 + 32*v + 87. Determine b(-5).
-98
Let q(a) = -34*a**2 - 112*a + 206. Calculate q(-3).
236
Let x(f) = -f**2 - 1329*f - 220214. What is x(-194)?
-24
Let k(l) = 2*l**3 - 328*l**2 + 3660*l + 112. Determine k(152).
1936
Let l(c) = c**3 + 18*c**2 + 62*c - 126. Determine l(-8).
18
Let x(l) = 37*l**3 + 183*l**2 + 105*l + 523. Calculate x(-5).
-52
Let q(r) = -r**3 + 1553*r**2 + 422203*r - 241. Give q(-236).
-5
Let x(m) = -m**3 + 427*m**2 - 26683*m + 2446. Calculate x(351).
-11
Let w(y) = 83*y + 77. Determine w(-11).
-836
Let u(b) = -42*b**2 + 884*b - 5366. Give u(6).
-1574
Let b(g) = g**2 - 2034*g + 343737. Give b(186).
9
Let w(z) = -703*z + 6521. Calculate w(10).
-509
Let v(c) = -2*c**2 - 5018*c + 121579. Calculate v(24).
-5
Let b(i) = 2591*i + 354921. Determine b(-137).
-46
Let h(z) = -454*z + 5858. Give h(11).
864
Let y(a) = -119585*a + 956680. What is y(8)?
0
Let n(w) = -3*w**3 + 128*w**2 - 88*w + 3920. Calculate n(42).
3752
Let c(f) = -f**3 + 83*f**2 - 1595*f + 15. Determine c(34).
2429
Let k(h) = 178*h - 4761. Calculate k(29).
401
Let g(f) = -205*f + 5387. What is g(41)?
-3018
Let u(q) = 12758*q + 62484. Determine u(-5).
-1306
Let i(s) = 52*s**2 + 249*s + 92. Give i(-4).
-72
Let o(c) = -c**3 - 26*c**2 + 199*c + 4578. What is o(-27)?
-66
Let k(i) = 132*i**3 - 510*i**2 - 94*i + 95. Determine k(4).
7
Let p(y) = 2*y**3 + 333*y**2 + 2012*y + 3. What is p(-6)?
-513
Let h(j) = 10*j**2 - 133*j - 8327. Give h(36).
-155
Let o(j) = -233*j - 1848. Calculate o(-8).
16
Let i(g) = -423*g**2 + 41*g + 49. Calculate i(-1).
-415
Let a(c) = -116*c - 610. Give a(-2).
-378
Let q(t) = -8*t**2 + 382*t + 76. Give q(48).
-20
Let y(b) = 10*b**2 - 932*b + 346. Give y(93).
160
Let m(r) = r**3 + 211*r**2 + 1824*r + 1211. What is m(-202)?
-1
Let o(u) = u**3 + 1807*u**2 - 329664*u - 11838. Determine o(-1974).
6
Let i(w) = 543039*w + 18463296. What is i(-34)?
-30
Let f(z) = z**3 - 62*z**2 - 211*z + 1154. Determine f(65).
114
Let s(f) = -4*f**2 + 622*f + 145964. Determine s(284).
-12
Let c(n) = -4*n**3 + 375*n**2 + 89*n + 516. Determine c(94).
46
Let m(t) = 35751*t + 178754. Give m(-5).
-1
Let u(n) = 3*n**3 + 30*n**2 - 21*n + 11. Determine u(-10).
221
Let a(j) = -687*j + 4257. Calculate a(13).
-4674
Let x(j) = -3*j**2 - 95483*j + 477496. Determine x(5).
6
Let w(m) = 3*m**3 - 229*m**2 + 2370*m - 146. Give w(64).
-18
Let u(s) = -7*s**2 - 506*s + 13. What is u(-72)?
157
Let a(o) = 16320*o + 6283187. Calculate a(-385).
-13
Le